*2 + 5*f + 6. Suppose 9*z + 8 = 10*z. Suppose s + 16 = -5*l, -4*s = -2*s - z. Give b(l).
2
Let q(h) = -13*h + 13. Let g(a) = -2*a**2 + 30*a + 110. Let z be g(18). Determine q(z).
-13
Let u(l) be the second derivative of -6*l + 1/2*l**2 + 1/2*l**3 + 0. What is u(-3)?
-8
Let s(y) = 7*y**2 - 4*y + 10. Let p(l) = 13*l**2 - 8*l + 19. Let a(o) = -6*p(o) + 11*s(o). What is a(5)?
-9
Suppose -4*l - 143 = 9. Let u = -36 - l. Suppose 0*p + u*p = -8. Let x(n) = -n**3 - 3*n**2 + 4*n + 3. Give x(p).
3
Suppose -3*n - q = 1, 0*q + 2*q + 2 = 4*n. Let a(y) = -174*y - 3. Let r be a(-1). Let p(b) = -172*b**2 - 2 + r*b**2 - 4*b + 3*b. Give p(n).
-2
Let o(t) = -t - 7. Let z be o(-7). Let d(h) = 0 + 5*h - 6*h + z. Determine d(0).
0
Suppose -v + 5*h - 29 = 0, -v - 16*h - 23 = -19*h. Let x(k) = k + 7. Calculate x(v).
-7
Let z be (-40)/6 - 7/42*2. Let t(h) be the second derivative of 0 - 3/2*h**2 - 1/12*h**4 - 2*h - 4/3*h**3. Give t(z).
4
Let k(g) = -3*g**2 + 4*g - 1. Let f be (0*4/(-16))/3. Let u = 7 - 3. Suppose 12 = u*p - f*p. Calculate k(p).
-16
Let v(c) = 0*c**2 + c**2 - 2014 + 3*c + 2011. Calculate v(-3).
-3
Let j(o) be the third derivative of -o**7/5040 + o**6/180 - o**5/60 + o**2. Let t(c) be the third derivative of j(c). Suppose 262*n = -276 + 1848. What is t(n)?
-2
Let j be (1 - (-1 - 1))*3. Let c be j/7 + (-8)/28. Let i(s) = -5*s**2 + s - 1. Give i(c).
-5
Let c(n) be the third derivative of n**5/30 + 5*n**4/24 - 2*n**3/3 + 313*n**2. Determine c(3).
29
Let f(c) = -c**3 - 6*c**2 - c + 3. Suppose 2*i - 2*b + 2 = 0, 3*i + 4 = b - 7. What is f(i)?
-17
Let i(w) = -7*w - 11. Let m be i(-2). Let r be (1/m)/(1/(-3)). Let k(a) = 16*a**3 - a**2 - 2*a - 1. Give k(r).
-16
Let f = -208 + 217. Let o(z) = 2*z - 23. Give o(f).
-5
Let w(b) = 2*b**2 - 4*b - 1. Let x(s) = 2*s**2 - 4*s - 1. Let p = 22 + -15. Let c(u) = p*w(u) - 6*x(u). Let z be 18*(32/(-12))/8 + 9. Calculate c(z).
5
Let u = 466 + -464. Let a(i) = -3*i**2 - i + 1. Give a(u).
-13
Suppose 17 - 62 = 4*n - 7*v, 5*n = -3*v - 21. Let f(j) = j. Let y(z) = -z**3 - 5*z**2 + 4*z + 1. Let g(r) = -4*f(r) - y(r). Determine g(n).
11
Let h(y) be the second derivative of -y**4/12 - y**3/6 + 2*y**2 - 14*y. Suppose -4*i + 32 = -5*r, -3 = 2*i + 2*r - 1. Calculate h(i).
-8
Let l(v) = 22*v - 24*v + 14 + 7 + 0. Determine l(6).
9
Let u(x) be the first derivative of -x**7/210 - x**5/120 - x**4/24 - 11*x**3 - 30. Let i(j) be the third derivative of u(j). Determine i(-1).
4
Let p be 3*(-6)/(-63) - (-32)/(-14). Let z(f) = -f**2 + f - 1. Let n(m) = m**2 + 3*m - 3. Let k(l) = p*z(l) + n(l). Determine k(-2).
9
Let r(o) = o. Let s(q) = 3*q. Let a(c) = 17*r(c) - 6*s(c). Let g(p) = -p**2 + 3*p - 2. Suppose -2 = t - 1. Let n(j) = t*g(j) + 2*a(j). What is n(4)?
-2
Let o(j) = j**3 + 4*j**2 - 5*j + 7. Let y be 3/18 - 1/6. Let p(i) = -2 + y + 5 + 3 - i. Let d be p(11). What is o(d)?
7
Let m = 16 - 8. Suppose 0 = -8*j + 10*j + m. Let p(z) = -4*z - 6. Give p(j).
10
Let n(s) be the first derivative of -s**3/3 + s**2/2 - 5. Suppose -7*k = -0*k - 14. What is n(k)?
-2
Let v(y) be the third derivative of -y**5/60 - 3*y**4/8 - 2*y**3/3 + 100*y**2. Let m = -8 - 0. What is v(m)?
4
Let u(z) = z + 6. Let v(q) = -4*q - 10. Let g(i) = 7*u(i) + 3*v(i). Calculate g(4).
-8
Let z(d) = -57*d + 1 + 3*d**3 - d**2 - 52*d + 110*d. What is z(-2)?
-29
Let i(l) = -l**2 - 5*l - 9. Suppose 0*q = -a + 5*q + 44, 77 = 2*a + q. Suppose -h - 9 = -r, -2*h + 2*r - a = 3*h. Determine i(h).
-23
Suppose -3*r - 32 = -3*g - 7*r, -3*r - 5 = -5*g. Let d(x) = 2*x**3 - 5*x**2 - 4. Determine d(g).
44
Let g(i) = i**2 - 5*i + 1. Let t(p) be the first derivative of p**4/4 + 8*p**3/3 - 3*p + 5. Let h be t(-8). Let w = 9 + h. Calculate g(w).
7
Let f be (-56)/20 - -1 - (-12)/15. Let g(t) = -2*t**3 + 2*t + 1. Determine g(f).
1
Let c = -1644 - -1643. Let d(h) = 4*h**2 + 0 + 3*h**2 - 1. Calculate d(c).
6
Let i(h) = -4*h. Let m(f) = -3*f. Let n(c) = 5*i(c) - 7*m(c). Let j(y) = -15*y - 34. Let l be j(-2). What is n(l)?
-4
Let u(l) be the first derivative of -l**3/2 + 13*l**2/2 - 32*l + 32. Let y(a) be the first derivative of u(a). Determine y(9).
-14
Let o(y) be the first derivative of -17 + 3*y**2 - 2*y + 0*y**2 - 3*y - 2*y. What is o(5)?
23
Let j(l) be the first derivative of -l**5/60 - l**4/6 + l**3 - 9. Let x(m) be the third derivative of j(m). What is x(3)?
-10
Let p(k) = -k + 5. Let n(d) = 2*d + 4*d + 77 - 97 + d**2. Let i be n(-9). What is p(i)?
-2
Let z be (5/5*-5)/(-1). Suppose 6 = 3*x + t, 3*t = z*x - 10 - 14. Let a(j) = j + 2. What is a(x)?
5
Let l be 3*(-8)/(-16)*2/(-3). Let i(x) = -x**2 + 1. Calculate i(l).
0
Let m(t) = 4*t**2 - 12*t. Let h(x) = 3*x**2 - 12*x + 2. Let b(r) = -5*h(r) + 4*m(r). What is b(-13)?
3
Let v(a) = a + 1. Let f(s) = -3*s - 2. Let c(r) = f(r) + 4*v(r). Suppose 12 = 2*w - 6*w. Let z = 1 + w. What is c(z)?
0
Let j(n) = 1 + 2 - 4 - n**2 - 7*n**2. Let i = -16 + 18. Suppose -4*h = -i*z, 0*h + h + 4*z = -9. Calculate j(h).
-9
Let q(j) = -j**2 - 15. Let w = -16 + 16. Suppose -4*i - 4 + 16 = w, 4*i = -2*d + 32. Suppose d = 2*b, l - 4*b + 28 = 8. Determine q(l).
-15
Let l(p) = 4*p**2 + 2*p + 1. Let u(y) = -9*y**2 - 5*y - 1. Let w(d) = 7*l(d) + 3*u(d). Let o(g) = 1. Let b(h) = 6*o(h) - w(h). What is b(-2)?
-4
Suppose -105 = -7*o - 91. Let i(a) be the third derivative of 0*a - 1/6*a**3 - 1/60*a**5 + 0 - 9*a**o + 1/24*a**4. Determine i(2).
-3
Let x be (30/4*16/24)/(-1). Let g(y) = -7*y - 7. Give g(x).
28
Let l(m) = m**2 + 6*m + 4. Let v(d) = 4*d + 5*d - 3*d - 5 - 5*d. Let s(w) = -w**2 - 6*w + 2. Let b be s(-6). Let i be v(b). Give l(i).
-5
Let j(h) = -4*h**3 + 8*h**2 + 7*h - 10. Suppose -73 - 75 = -4*v. Let y(d) = -32*d - 9 - 3*d**3 + 2 + 5*d**2 + v*d. Let l(r) = -5*j(r) + 7*y(r). Determine l(-4).
-15
Let p(b) = b**3 - 15. Let y be (0/(-16))/(-5 + 7). Calculate p(y).
-15
Let z(c) be the second derivative of c**5/20 + c**4/12 - c**3/6 - 9*c**2/2 - 2*c + 36. What is z(0)?
-9
Let b(w) = w + 19. Let u be b(-20). Suppose -5*a + 72 = 2*c, -c - 1 = 3. Let x(g) = -17 + 2*g - 8*g + a. Calculate x(u).
5
Let p(b) = -534 - 531 - 534 + 1603 - 3*b. Let w = 13 - 8. Give p(w).
-11
Let m(d) = -d + d**3 + 7*d**2 + 0*d**2 - 5 + 8*d. Let p = 465 - 471. Determine m(p).
-11
Let r(j) = 2*j - 12. Let z(b) = -10*b**3 - b**2. Suppose 2*i + 0 = -4*m - 2, 2*m + 5 = -5*i. Let u be z(i). What is r(u)?
6
Let u(a) = -a**2 + 4. Suppose -5*z = -3*j + 8*j + 5, -4*j - 3*z = 0. Give u(j).
-5
Let b(y) = y**2 + 10*y + 3. Let a be b(-10). Suppose -14 - 52 = -a*i. Let m be 68/11 - 4/i. Let d(k) = k - 1. What is d(m)?
5
Let f(r) = r**3 - 3*r**2 - 18*r. Let o be f(-3). Let m(n) = -n + 29. Determine m(o).
29
Let v(g) = -g**2 + 12*g - 1. Let t = -130 + 138. What is v(t)?
31
Let m(j) = -6 - 7*j + 10 + j**2 - 3 - 2*j**2. Let u be m(-7). Let s(p) = 2*p**3 + 1. Determine s(u).
3
Let k(l) be the third derivative of 0*l + 7/12*l**4 - 10*l**2 + 29/6*l**3 + 0. Let z(j) = -5*j - 10. Let v(a) = -4*k(a) - 11*z(a). What is v(-5)?
-1
Let q(y) = -3*y**2 - 42*y - 38. Let m(o) = -5*o**2 - 63*o - 55. Let v(t) = 5*m(t) - 8*q(t). Give v(22).
7
Let g be 3/(-9) - 10/15. Let r(j) = -9*j**3 - 2*j**2 - 3*j - 2. Determine r(g).
8
Let h(u) = -u**3 - 5*u**2 + 6*u + 9. Let o be (0 - (-18)/8) + 3/(-12). Let r be o/3*-3*(-6 - -9). Determine h(r).
9
Suppose -7*a - 3 = -4*a. Let q(s) = 0*s + 3*s**2 + 5*s + 3 + s**2. Let p(n) = -6*n**2 - 8*n - 5. Let b(v) = -5*p(v) - 8*q(v). Give b(a).
-1
Let y(q) = 3*q**2 - 23*q - 32. Let p(x) = -x**2 + 8*x + 11. Let i(z) = -8*p(z) - 3*y(z). Let o(w) = -24*w + 367. Let h be o(15). Calculate i(h).
-6
Let c(f) be the second derivative of f**5/20 - f**4/6 - f**3/2 + f**2 + 3*f - 2. Determine c(3).
2
Let h(g) be the third derivative of -g**5/60 + g**4/24 + g**3/3 + 9*g**2. Let t = -17 - -9. Let y(a) = -a**3 - 9*a**2 - 8*a + 2. Let k be y(t). Determine h(k).
0
Let m(v) = 2 - 5 + 7*v**2 + v**3 - 3*v**2 + v. Let g(r) = 9*r**3 - 1. Let n be g(1). Let s = n + -11. What is m(s)?
3
Suppose 0 = 4*b + d - 8, -3*d - 4 = 5*b - 7*b. Let u(i) be the second derivative of 1/3*i**3 + i**b - i + 0. Determine u(3).
8
Let i(k) = 2 + k**3 - 24*k - 17*k + 4*k**2 + 35*k + 0*k**3. Calculate i(-5).
7
Let x = -18 + 21. Suppose -x*q + 6*q + 0*q = 0. Let m(r) = -r**2 - 6. Determine m(q).
-6
Let q(g) = g + 1. Let a(b) = 3*b + 12. Let r(o) = -a(o) + 4*